9?
9
What is the hundreds digit of 10276?
2
What is the thousands digit of 1155?
1
What is the hundreds digit of 43305?
3
What is the tens digit of 228?
2
What is the ten thousands digit of 14010?
1
What is the thousands digit of 4296?
4
What is the ten thousands digit of 63826?
6
What is the hundreds digit of 26939?
9
What is the tens digit of 1254?
5
What is the hundreds digit of 20597?
5
What is the thousands digit of 3129?
3
What is the units digit of 6211?
1
What is the hundreds digit of 42361?
3
What is the tens digit of 67787?
8
What is the hundreds digit of 7437?
4
What is the units digit of 1096?
6
What is the tens digit of 83119?
1
What is the tens digit of 32992?
9
What is the tens digit of 2786?
8
What is the tens digit of 1133?
3
What is the units digit of 10783?
3
What is the ten thousands digit of 71054?
7
What is the tens digit of 1789?
8
What is the hundreds digit of 9248?
2
What is the tens digit of 16266?
6
What is the units digit of 2908?
8
What is the units digit of 2698?
8
What is the tens digit of 4042?
4
What is the tens digit of 8640?
4
What is the hundreds digit of 126565?
5
What is the units digit of 1127?
7
What is the units digit of 1554?
4
What is the thousands digit of 14097?
4
What is the hundreds digit of 12182?
1
What is the hundreds digit of 4432?
4
What is the units digit of 865?
5
What is the units digit of 127?
7
What is the tens digit of 28656?
5
What is the hundreds digit of 978?
9
What is the units digit of 1283?
3
What is the thousands digit of 3336?
3
What is the units digit of 480?
0
What is the thousands digit of 9910?
9
What is the hundreds digit of 103463?
4
What is the hundreds digit of 2254?
2
What is the units digit of 52?
2
What is the units digit of 427?
7
What is the tens digit of 36259?
5
What is the units digit of 760?
0
What is the hundreds digit of 1597?
5
What is the units digit of 6234?
4
What is the thousands digit of 32614?
2
What is the thousands digit of 2558?
2
What is the units digit of 1565?
5
What is the ten thousands digit of 54484?
5
What is the thousands digit of 1485?
1
What is the units digit of 5169?
9
What is the hundreds digit of 259?
2
What is the ten thousands digit of 146380?
4
What is the tens digit of 149?
4
What is the hundreds digit of 5594?
5
What is the units digit of 613?
3
What is the hundreds digit of 405?
4
What is the units digit of 6540?
0
What is the thousands digit of 3962?
3
What is the tens digit of 1189?
8
What is the ten thousands digit of 31524?
3
What is the thousands digit of 3861?
3
What is the units digit of 7676?
6
What is the ten thousands digit of 101731?
0
What is the tens digit of 8289?
8
What is the hundreds digit of 5711?
7
What is the thousands digit of 11601?
1
What is the units digit of 509?
9
What is the tens digit of 6540?
4
What is the units digit of 794?
4
What is the hundreds digit of 6599?
5
What is the thousands digit of 13700?
3
What is the tens digit of 1056?
5
What is the hundreds digit of 4110?
1
What is the thousands digit of 28861?
8
What is the hundreds digit of 685?
6
What is the units digit of 1739?
9
What is the units digit of 2237?
7
What is the tens digit of 151?
5
What is the hundreds digit of 2567?
5
What is the units digit of 79?
9
What is the hundreds digit of 1528?
5
What is the ten thousands digit of 10319?
1
What is the ten thousands digit of 37590?
3
What is the tens digit of 52668?
6
What is the ten thousands digit of 23091?
2
What is the tens digit of 3101?
0
What is the thousands digit of 3606?
3
What is the units digit of 28795?
5
What is the ten thousands digit of 10914?
1
What is the tens digit of 836?
3
What is the ten thousands digit of 52306?
5
What is the tens digit of 110634?
3
What is the tens digit of 2408?
0
What is the tens digit of 26497?
9
What is the tens digit of 1296?
9
What is the units digit of 387?
7
What is the thousands digit of 29304?
9
What is the tens digit of 48818?
1
What is the units digit of 4898?
8
What is the thousands digit of 47554?
7
What is the hundreds digit of 2676?
6
What is the tens digit of 78?
7
What is the hundreds digit of 5345?
3
What is the hundreds digit of 10082?
0
What is the thousands digit of 8065?
8
What is the tens digit of 303?
0
What is the thousands digit of 1678?
1
What is the thousands digit of 7341?
7
What is the thousands digit of 2229?
2
What is the tens digit of 710?
1
What is the thousands digit of 4725?
4
What is the thousands digit of 4617?
4
What is the ten thousands digit of 27525?
2
What is the units digit of 8241?
1
What is the units digit of 1294?
4
What is the units digit of 11600?
0
What is the ten thousands digit of 14820?
1
What is the tens digit of 1041?
4
What is the tens digit of 3977?
7
What is the units digit of 1767?
7
What is the hundreds digit of 11838?
8
What is the tens digit of 1424?
2
What is the thousands digit of 1311?
1
What is the hundreds digit of 920?
9
What is the thousands digit of 68314?
8
What is the units digit of 24532?
2
What is the thousands digit of 85685?
5
What is the tens digit of 805?
0
What is the tens digit of 5421?
2
What is the hundreds digit of 1389?
3
What is the thousands digit of 189881?
9
What is the hundreds digit of 11898?
8
What is the tens digit of 88260?
6
What is the tens digit of 14877?
7
What is the tens digit of 247?
4
What is the thousands digit of 5486?
5
What is the thousands digit of 111584?
1
What is the units digit of 2094?
4
What is the ten thousands digit of 16524?
1
What is the units digit of 2282?
2
What is the units digit of 89?
9
What is the units digit of 1454?
4
What is the units digit of 5816?
6
What is the units digit of 1910?
0
What is the hundreds digit of 8696?
6
What is the ten thousands digit of 16610?
1
What is the thousands digit of 3693?
3
What is the tens digit of 2007?
0
What is the thousands digit of 43552?
3
What is the thousands digit of 2003?
2
What is the tens digit of 828?
2
What is the tens digit of 728?
2
What is the tens digit of 283?
8
What is the hundreds digit of 937?
9
What is the tens digit of 3521?
2
What is the thousands digit of 24948?
4
What is the hundreds digit of 73010?
0
What is the thousands digit of 38218?
8
What is the units digit of 126851?
1
What is the tens digit of 954?
5
What is the tens digit of 3350?
5
What is the ten thousands digit of 29496?
2
What is the tens digit of 12510?
1
What is the thousands digit of 4496?
4
What is the tens digit of 1925?
2
What is the hundreds digit of 310?
3
What is the tens digit of 623?
2
What is the thousands digit of 46848?
6
What is the units digit of 606?
6
What is the tens digit of 26823?
2
What is the hundreds digit of 2620?
6
What is the ten thousands digit of 21582?
2
What is the units digit of 1302?
2
What is the units digit of 3741?
1
What is the thousands digit of 1391?
1
What is the thousands digit of 7977?
7
What is the hundreds digit of 1323?
3
What is the hundreds digit of 344?
3
What is the tens digit of 2764?
6
What is the tens digit of 129554?
5
What is the units digit of 344?
4
What is the tens digit of 8518?
1
What is the tens digit of 60609?
0
What is the ten thousands digit of 17214?
1
What is the tens digit of 1649?
4
What is the hundreds digit of 22849?
8
What is the units digit of 982?
2
What is the units digit of 2897?
7
What is the thousands digit of 1242?
1
What is the ten thousands digit of 11046?
1
What is the thousands digit of 6336?
6
What is the tens digit of 2580?
8
What is the hundreds digit of 336?
3
What is the thousands digit of 1054?
1
What is the units digit of 1384?
4
What is the hundreds digit of 19753?
7
What is the hundreds digit of 4318?
3
What is the units digit of 1203?
3
What is the tens digit of 368?
6
What is the units digit of 13809?
9
What is the units digit of 1857?
7
What is the tens digit of 1206?
0
What is the tens digit of 4119?
1
What is the units digit of 5?
5
What is the tens digit of 1314?
1
What is the tens digit of 6325?
2
What is the tens digit of 11572?
7
What is the tens digit of 1612?
1
What is the tens digit of 57096?
9
What is the units digit of 7069?
9
What is the tens digit of 55693?
9
What is the units digit of 956?
6
What is the thousands digit of 36883?
6
What is the hundreds digit of 156?
1
What is the thousands digit 